{"version":"1.0","provider_name":"Blog Wesco","provider_url":"https:\/\/leblog.wesco.fr\/fr","author_name":"Nathalie Casso-Vicarini","author_url":"https:\/\/leblog.wesco.fr\/fr\/author\/ncv\/","title":"Qu\u2019est-ce qui se passe dans ta t\u00eate, s\u00e9rie sur la bienveillance \u00e9ducative - Le Blog Wesco","type":"rich","width":600,"height":338,"html":"<blockquote class=\"wp-embedded-content\" data-secret=\"yqylmkSqSv\"><a href=\"https:\/\/leblog.wesco.fr\/fr\/quest-ce-qui-se-passe-dans-sa-tete\/\">Dis-moi, la mini-s\u00e9rie pour le TRIO<\/a><\/blockquote><iframe sandbox=\"allow-scripts\" security=\"restricted\" src=\"https:\/\/leblog.wesco.fr\/fr\/quest-ce-qui-se-passe-dans-sa-tete\/embed\/#?secret=yqylmkSqSv\" width=\"600\" height=\"338\" title=\"\u00ab\u00a0Dis-moi, la mini-s\u00e9rie pour le TRIO\u00a0\u00bb &#8212; Blog Wesco\" data-secret=\"yqylmkSqSv\" frameborder=\"0\" marginwidth=\"0\" marginheight=\"0\" scrolling=\"no\" class=\"wp-embedded-content\"><\/iframe><script type=\"text\/javascript\">\n\/* <![CDATA[ *\/\n\/*! This file is auto-generated *\/\n!function(d,l){\"use strict\";l.querySelector&&d.addEventListener&&\"undefined\"!=typeof URL&&(d.wp=d.wp||{},d.wp.receiveEmbedMessage||(d.wp.receiveEmbedMessage=function(e){var t=e.data;if((t||t.secret||t.message||t.value)&&!\/[^a-zA-Z0-9]\/.test(t.secret)){for(var s,r,n,a=l.querySelectorAll('iframe[data-secret=\"'+t.secret+'\"]'),o=l.querySelectorAll('blockquote[data-secret=\"'+t.secret+'\"]'),c=new RegExp(\"^https?:$\",\"i\"),i=0;i<o.length;i++)o[i].style.display=\"none\";for(i=0;i<a.length;i++)s=a[i],e.source===s.contentWindow&&(s.removeAttribute(\"style\"),\"height\"===t.message?(1e3<(r=parseInt(t.value,10))?r=1e3:~~r<200&&(r=200),s.height=r):\"link\"===t.message&&(r=new URL(s.getAttribute(\"src\")),n=new URL(t.value),c.test(n.protocol))&&n.host===r.host&&l.activeElement===s&&(d.top.location.href=t.value))}},d.addEventListener(\"message\",d.wp.receiveEmbedMessage,!1),l.addEventListener(\"DOMContentLoaded\",function(){for(var e,t,s=l.querySelectorAll(\"iframe.wp-embedded-content\"),r=0;r<s.length;r++)(t=(e=s[r]).getAttribute(\"data-secret\"))||(t=Math.random().toString(36).substring(2,12),e.src+=\"#?secret=\"+t,e.setAttribute(\"data-secret\",t)),e.contentWindow.postMessage({message:\"ready\",secret:t},\"*\")},!1)))}(window,document);\n\/\/# sourceURL=https:\/\/leblog.wesco.fr\/fr\/wp-includes\/js\/wp-embed.min.js\n\/* ]]> *\/\n<\/script>\n","thumbnail_url":"https:\/\/leblog.wesco.fr\/fr\/wp-content\/uploads\/2017\/06\/dis_moi.jpg","thumbnail_width":1600,"thumbnail_height":800,"description":"Un programme destin\u00e9 aux professionnels de la petite enfance et aux parents, qui montre l\u2019enfant dans des situations du quotidien, analyse leur impact sur son d\u00e9veloppement et donne des pistes \u00e9ducatives positives"}

Qu’est-ce qui se passe dans ta tête, série sur la bienveillance éducative - Le Blog Wesco

<blockquote class="wp-embedded-content" data-secret="yqylmkSqSv"><a href="https://leblog.wesco.fr/fr/quest-ce-qui-se-passe-dans-sa-tete/">Dis-moi, la mini-série pour le TRIO</a></blockquote><iframe sandbox="allow-scripts" security="restricted" src="https://leblog.wesco.fr/fr/quest-ce-qui-se-passe-dans-sa-tete/embed/#?secret=yqylmkSqSv" width="600" height="338" title="« Dis-moi, la mini-série pour le TRIO » &#8212; Blog Wesco" data-secret="yqylmkSqSv" frameborder="0" marginwidth="0" marginheight="0" scrolling="no" class="wp-embedded-content"></iframe><script type="text/javascript">
/* <![CDATA[ */
/*! This file is auto-generated */
!function(d,l){"use strict";l.querySelector&&d.addEventListener&&"undefined"!=typeof URL&&(d.wp=d.wp||{},d.wp.receiveEmbedMessage||(d.wp.receiveEmbedMessage=function(e){var t=e.data;if((t||t.secret||t.message||t.value)&&!/[^a-zA-Z0-9]/.test(t.secret)){for(var s,r,n,a=l.querySelectorAll('iframe[data-secret="'+t.secret+'"]'),o=l.querySelectorAll('blockquote[data-secret="'+t.secret+'"]'),c=new RegExp("^https?:$","i"),i=0;i<o.length;i++)o[i].style.display="none";for(i=0;i<a.length;i++)s=a[i],e.source===s.contentWindow&&(s.removeAttribute("style"),"height"===t.message?(1e3<(r=parseInt(t.value,10))?r=1e3:~~r<200&&(r=200),s.height=r):"link"===t.message&&(r=new URL(s.getAttribute("src")),n=new URL(t.value),c.test(n.protocol))&&n.host===r.host&&l.activeElement===s&&(d.top.location.href=t.value))}},d.addEventListener("message",d.wp.receiveEmbedMessage,!1),l.addEventListener("DOMContentLoaded",function(){for(var e,t,s=l.querySelectorAll("iframe.wp-embedded-content"),r=0;r<s.length;r++)(t=(e=s[r]).getAttribute("data-secret"))||(t=Math.random().toString(36).substring(2,12),e.src+="#?secret="+t,e.setAttribute("data-secret",t)),e.contentWindow.postMessage({message:"ready",secret:t},"*")},!1)))}(window,document);
//# sourceURL=https://leblog.wesco.fr/fr/wp-includes/js/wp-embed.min.js
/* ]]> */
</script>

Un programme destiné aux professionnels de la petite enfance et aux parents, qui montre l’enfant dans des situations du quotidien, analyse leur impact sur son développement et donne des pistes éducatives positives
